 + 446, -2*k - 4*v - 62 + 480 = 0. Calculate the highest common factor of 14 and k.
7
Suppose 2*n - 2*x = 30, 34*x - 39*x = 3*n - 53. Let d be 16*1*3*2. Calculate the highest common divisor of d and n.
16
Let s = -961 + 988. Calculate the highest common divisor of s and 2.
1
Suppose 0 = -2*a + 3*n + 7405, 129*a = 127*a + 4*n + 7402. What is the highest common divisor of a and 11?
11
Suppose 77*t - 4888 = 6200. What is the highest common divisor of 224 and t?
16
Let i = 169 + -67. Calculate the highest common divisor of 357 and i.
51
Let m be 3 - -9 - (0 + 1). Let g(d) = 25*d**2 - d + 1. Let c be g(2). Calculate the greatest common factor of c and m.
11
Suppose -w = 2*w - 12. Suppose 12*l = 14*l + 2*k - 6, -5*k = -4*l + 39. What is the highest common factor of l and w?
2
Suppose -3*h + 35 = -640. Suppose -4*u = 2*g + 3*g - 125, 5*g = -3*u + 125. What is the greatest common divisor of h and g?
25
Let w(a) = 10*a**2 + 67*a + 3. Let c be w(-19). Calculate the greatest common factor of c and 90.
90
Let v(g) = g**2 - 4*g + 4. Let n be v(0). What is the highest common divisor of 5 and n?
1
Suppose 258 = -d + 5*g + 783, -6*g + 2594 = 5*d. What is the highest common factor of d and 120?
40
Suppose 0 = -6*x - 7 + 49. Suppose 545 - 195 = x*g. Calculate the greatest common factor of g and 25.
25
Suppose 0 = q + 5*y - 39, -5*q - y + 291 = -0*q. Calculate the greatest common factor of q and 118.
59
Suppose 16 = 2*m + 24. Let c be 7/((-70)/m)*330. Calculate the greatest common divisor of 12 and c.
12
Let d be (-1)/(2 - 10/4). Suppose -11*a = -a - 130. Let c = -11 + a. What is the greatest common divisor of c and d?
2
Let c be (-1 + 0)/((-28)/(-9) - 3). Let f be ((-416)/c - 4/18) + -2. Let s be 438/4 - (-2)/4. What is the highest common factor of s and f?
22
Let d = -1 + 4. Let v be (-2 - -1)/((-8)/24). Suppose -o = -5*g - d, 5*o = -v*g + 124 - 25. Calculate the highest common factor of 9 and o.
9
Let f be (-495)/(-1650) - 3507/(-10). Calculate the highest common divisor of 189 and f.
27
Let z(r) = r**2 + 4*r - 1. Let a be z(-4). Let i = 5 + a. Suppose 4*l + 3*c - 748 = 0, 2*l + i*c + 352 = 4*l. What is the highest common factor of 23 and l?
23
Let t = -14 - -24. Suppose -2*k = t, 280 = -5*g + 3*k - 1000. Let s = 413 + g. What is the highest common divisor of 22 and s?
22
Let d = 175 + 801. What is the highest common divisor of d and 61?
61
Let a(i) = -27*i**3 - i**2 - 2*i - 4. Let n be a(3). Let j be ((-2)/4)/(22/n). What is the highest common divisor of 153 and j?
17
Let p = -502 + 821. Calculate the greatest common divisor of 11 and p.
11
Let u = 803 - 793. What is the greatest common factor of u and 15?
5
Let x be (168/35)/((-6)/(-720)). Calculate the greatest common divisor of 64 and x.
64
Let u be ((-2)/2)/((-1)/23). Let x be 10/(-4) + (-5)/(-10) + 1451. Suppose x = 31*d - 24*d. Calculate the greatest common factor of d and u.
23
Let b = 40 - -29. Suppose -2*z + 31 = -b. What is the greatest common factor of 20 and z?
10
Suppose -y - 4*k = 8, 5*y - 8 = k + 3*k. Suppose 4*p + p - 525 = y. Calculate the greatest common factor of 21 and p.
21
Let b(m) = 44*m**2 - m + 2. Let y be b(2). Let v(j) = 179*j + 1985. Let t be v(-11). Calculate the greatest common factor of y and t.
16
Let s be 9/((-108)/16)*(-1323)/14. What is the highest common divisor of s and 210?
42
Let z(k) = 212*k**2 + 26*k - 50. Let w be z(2). Calculate the highest common divisor of w and 34.
34
Let r be -3 + (-1)/(-1) + 1 - -3. Let n(u) = -u**2 - u. Let v be n(-2). Let l be (6 - r) + 1*v. Calculate the highest common factor of 4 and l.
2
Let h = -29 + 365. Suppose 3*g - h = -9*g. Calculate the greatest common factor of 140 and g.
28
Suppose -5*m + 7*m = 30. Calculate the highest common divisor of 15 and m.
15
Suppose 2*x - 162 = -4*x. Suppose 5*l - 33 = r - 4, -5*l - 5*r + 35 = 0. Let y be (-2 + 5 - l) + x. What is the greatest common factor of 3 and y?
3
Suppose -p - 270 = -16*p. What is the greatest common divisor of 9 and p?
9
Suppose -3*h + 5*h = 50. Suppose a - 40 = -h. Let j(q) = -q**2 - 5*q + 5. Let b be j(-5). Calculate the greatest common divisor of b and a.
5
Let f(u) = 3*u**2 - u - 1. Let k be f(-2). Let p(l) = -5*l + 208. Let n be p(13). What is the greatest common factor of k and n?
13
Let x be 0 - -18 - (-13)/(39/(-12)). Let a be ((-1)/(-3))/((-1)/(-21)). Calculate the highest common divisor of x and a.
7
Let c(b) = -4*b**2 + 58*b + 11. Let k(w) = 11*w**2 - 175*w - 33. Let i(h) = 17*c(h) + 6*k(h). Let v be i(-31). Calculate the highest common divisor of 3 and v.
3
Let u be 6/(6/2)*39/6. Calculate the greatest common divisor of 13 and u.
13
Suppose -4*u = 4*i + 24, 6*u + 26 = u - 4*i. Let f(v) = -34*v - 3 - 2 + 0 + 2. Let h be f(u). What is the highest common divisor of 13 and h?
13
Let p = 183 - 144. Calculate the highest common divisor of 156 and p.
39
Suppose -w + 355 = 3*m - 0*w, 0 = -5*m + w + 581. Suppose 66 = 13*d - 103. Calculate the highest common divisor of d and m.
13
Let d(h) = 6*h**2 - 2*h. Let o be d(5). Suppose -m + 263 = 76. Suppose 4*b - m = -5*s, 4*s + b - 85 - 58 = 0. What is the greatest common divisor of s and o?
35
Let r = 166 + -49. What is the greatest common factor of 3 and r?
3
Let c(s) = 125*s**2 - 5*s - 6. Let h be c(-1). What is the highest common factor of h and 217?
31
Let f be ((-1210)/33)/((-4)/6). Let t = -39 + f. Let y be (-8)/t + (-19)/(-2). Calculate the highest common divisor of y and 3.
3
Suppose 0*j + 59 = -3*j - 2*f, 82 = -4*j - 2*f. Let y = j + 31. What is the greatest common divisor of 16 and y?
8
Let b = 84 - 63. Suppose -3*k = -42 - b. Calculate the greatest common factor of 63 and k.
21
Let y = 104 + -296. Let f = y - -288. What is the greatest common divisor of f and 16?
16
Let m(w) = 2*w**2 - 127 + 14*w + 66 + 58. Let s be m(-8). Calculate the greatest common factor of s and 208.
13
Suppose -b - 39 = 2*x - 242, x = 2. Let t = b + -55. What is the highest common factor of 18 and t?
18
Let b(j) be the third derivative of -j**5/60 - 5*j**4/24 + j**3 - 4*j**2. Let r be b(-5). Suppose y = r*y - 15. What is the highest common factor of y and 3?
3
Suppose p + 78 = 2*p - 2*v, -p + 69 = -5*v. What is the highest common factor of 210 and p?
42
Let u = -27 + 28. Let j be (144/(-28))/(u/(-7)). What is the greatest common factor of j and 108?
36
Suppose -d + 3*i - i = 20, 3*d + 4*i + 80 = 0. Let z = 40 + d. What is the highest common factor of z and 2?
2
Suppose 2*z - 34 = 4*w, 0 = -4*z + z + 2*w + 55. Calculate the greatest common divisor of z and 57.
19
Suppose 0*k + 29 = -5*o - 2*k, k + 7 = -o. Let t(j) = -j + 11. Let i be t(o). Calculate the highest common factor of 4 and i.
4
Let r = 166 - -5. Calculate the highest common divisor of r and 18.
9
Suppose 3*t + 34 = 5*l, -1 = -3*l + 4*t + 26. Let c be l + (-6 - -3) + 130. Let d = -13 + 25. Calculate the highest common divisor of d and c.
12
Suppose 1480 = -41*a + 10705. What is the greatest common factor of a and 405?
45
Let j(l) = -3*l**3 - l**2. Suppose 2*r - 2 = -6. Let t be j(r). Calculate the highest common factor of 50 and t.
10
Let n = 16 + 98. Let f(q) = q**3 + 9*q**2 - 4. Let a be f(-4). What is the highest common factor of n and a?
38
Let a be 1 - (4 + -3) - 0. Suppose -3*r - 2*t = -34, 0*r + 5*r + t - 59 = a. Calculate the highest common factor of r and 12.
12
Suppose -6*p = -2*p - y - 44, y - 44 = -4*p. Let u(n) = n**3 - 12*n**2 + n + 7. Let g be u(p). Let b = g - -151. What is the highest common divisor of 72 and b?
24
Let p be (0 - -5)/(2 + -1). Let w = 91 + p. Calculate the greatest common factor of w and 12.
12
Let a be 35 - (-5 + 17 + -6). Suppose 16 = 2*t + 6. Suppose -t*y + 78 = -3*b, a = 3*y + 5*b - 11. What is the greatest common factor of 75 and y?
15
Let b be 21/14 - (-35)/2. Let c = 22 - b. Suppose -c*o + 4*o - 3 = 0. Calculate the greatest common factor of o and 12.
3
Let l = 701 + 322. Calculate the highest common factor of 33 and l.
33
Suppose 0 = -0*g - g + 3. Suppose -f + 13 = -4*u, g*f - 8*f + 4*u + 81 = 0. What is the greatest common factor of f and 17?
17
Let q be ((-42)/9 - 1)/(2/(-24)). Calculate the greatest common factor of q and 32.
4
Suppose 18 = 4*x - 418. Let b = -63 + x. Let f = 78 - b. What is the highest common factor of 8 and f?
8
Let z(p) = 